et p be 5/2*(-16)/(-20). Suppose -370 = p*g - 0*g. Is g/(-1) + 1 + -1 prime?
False
Let l be 1/(10/4 - 2). Suppose 3*z = -5*i + 42, -i + l*i - 3*z + 6 = 0. Is i prime?
False
Suppose -2*w + 4 = -10. Suppose -w*v + 10*v - 231 = 0. Is v a prime number?
False
Is 1841/(5*1/5) prime?
False
Let d(m) = 2*m - 12. Is d(11) a composite number?
True
Let s(o) = 67*o**3 - o**2 + o. Is s(1) composite?
False
Is 2/(-4) - 111/(-2) a prime number?
False
Let h(r) = 4*r**3 + 15*r - 14*r + 114 - 3*r**3. Let l be h(0). Is l/8*(-16)/(-4) prime?
False
Suppose 10 = 2*t - 5*b, 0 = -2*t - 0*t - 3*b - 6. Let a(w) = w**2 + w + 179. Is a(t) prime?
True
Suppose y + 260 = 3*y. Let h = y + -45. Is h a composite number?
True
Let c(l) = 2*l - 7. Let d be c(5). Let f be -38*(d/2 - 1). Let u = f - -54. Is u prime?
False
Let b be ((-6)/4)/(2/(-4)). Suppose 0 = 5*p + 4*w - 285, -b*w + 121 = -3*p + 5*p. Is p prime?
True
Suppose 0 = -6*z + 367 + 707. Is z a composite number?
False
Let g(s) = -s**2 - 12*s + 9. Let k be g(-8). Suppose 5*h - 195 + 30 = -5*i, 5*i - k = -h. Is h a composite number?
False
Suppose 7275 = 4*u + u - 5*c, -2*u - 5*c = -2938. Is u a prime number?
True
Let h(y) = -y - 4. Let m be h(-8). Let v(t) = -2*t**2 - 5*t + 2. Let r(j) = 3*j**2 + 9*j - 5. Let u(g) = -3*r(g) - 5*v(g). Is u(m) prime?
True
Let n(j) = j**3 + 7*j**2. Let x be n(-7). Suppose x = 3*r - 9, -2*y - 3*r - 7 + 58 = 0. Is y a composite number?
True
Let i be (-5910)/(-8) + 6/24. Suppose -4*g = 3*l - i, 2*l = -5*g + 6*l + 947. Is g a composite number?
True
Let y be (48/10)/(12/80). Is y - 1 - 8/(-4) a prime number?
False
Let q = 120 - 69. Suppose -2*m + 5*m = -q. Let c = 54 + m. Is c a composite number?
False
Let n be -21*(3 - 1983/(-9)). Let k be n/(-49) - 4/(-14). Suppose 5*t + k - 346 = -4*s, -s - 3*t = -59. Is s a prime number?
False
Suppose -3*u + 429 = -5*y - 2272, -2725 = -3*u - y. Is u a composite number?
False
Suppose 3*p + q - 33 = 62, 8 = 4*q. Is p a prime number?
True
Let f = 362 + -31. Suppose -f + 36 = -5*d. Is d prime?
True
Suppose 0 = -m - 2*m + 573. Is m a composite number?
False
Let l(p) = 23*p. Suppose 27 = 2*k - 10*y + 5*y, 0 = k - 2*y - 11. Is l(k) composite?
False
Let p = 1241 + -806. Suppose 4*m - 1655 = -p. Is m composite?
True
Let o(p) = -p**3 + 11*p**2 - 12*p + 10. Let v be o(10). Let m be v/5 + (0 - -2). Is 3/(m - 3)*-19 a prime number?
True
Let h(b) = 4 - 3*b - b + 2*b - b**2 - 4*b. Let p be h(-6). Suppose -p*z + 164 = -o + 32, -84 = -2*z - 4*o. Is z composite?
True
Suppose -3*v = 2*v - 325. Suppose 0 = 5*j - 0*j - v. Is j a prime number?
True
Suppose 0 = 2*n + 4*c - 630, 1622 - 73 = 5*n - 3*c. Is n composite?
False
Suppose -2*o = -4*o - 2*p - 10, -5*o = 2*p + 22. Let c be (-110)/(3/(18/o)). Suppose c = q + 2*w, 2*q + 0*q - 320 = w. Is q composite?
True
Suppose -v - 2*v + 15 = 0. Suppose -v*u = i - 60, -3*u + 23 = 2*i - 6. Let g = -6 + u. Is g composite?
False
Suppose 2*w + 2 = -0*w. Let l = -3 - w. Is ((-195)/(-2))/(-5)*l composite?
True
Let u = -53 + 111. Is u prime?
False
Suppose -20 = -3*z - 11. Let l = 86 + z. Is l composite?
False
Let g(l) = -l**2 - 1. Let o(b) = -3*b**2 - 2*b + 2. Let y(h) = g(h) - o(h). Let v(d) be the first derivative of y(d). Is v(6) composite?
True
Let r be (-5882)/6 + 4/12. Let t = -651 - r. Let a = t + -180. Is a a composite number?
False
Suppose 0 = -2*m - 5*k - 7, 0 = -3*m + k - 23 - 13. Let j(o) = -7*o + 14. Is j(m) prime?
False
Let h(c) = 5*c - 3 - c**2 - 2 + c + 12*c. Is h(12) a composite number?
False
Let q(l) = 7*l**3 - 7*l - 2. Is q(5) prime?
False
Let q be (-34)/(-6) + (-1)/(-3). Suppose -5*y = -r - 2, -2*r + q*r + 4*y = 16. Is ((-2)/r)/((-10)/705) composite?
False
Suppose 8*o + 10 = 13*o. Suppose 5*q - 1961 = -2*r, -o*q + 1115 - 345 = -4*r. Is q a composite number?
True
Suppose x = -4*x + 1315. Is x composite?
False
Let a(s) be the first derivative of 5*s**4/2 - 2*s**3/3 - 2. Let n be a(2). Suppose 2*r = -3*k + 34, -4*r + n = -0*r + 5*k. Is r composite?
False
Suppose -3*j + 1006 + 125 = 0. Suppose 89 = 2*q + r - 163, -2*r = 3*q - j. Is q a composite number?
False
Let u(v) = v**2. Suppose -3*o + 2 = -4. Let p be u(o). Suppose -p*b = -r + 3, -5*b + 6 = r + 3. Is r prime?
True
Let i = -2 + 2. Suppose -4*c + 6*c + 8 = i. Is c/14 + (-428)/(-28) a composite number?
True
Let x = 0 + 5. Suppose 0 = -x*w + 135 + 520. Is w a composite number?
False
Suppose 20*z + 596 = 24*z. Is z a composite number?
False
Let m(p) = 5*p + 11. Let g(n) = 10*n + 23. Let c(l) = -6*g(l) + 13*m(l). Is c(6) composite?
True
Let v(k) = 12*k**2 + 10*k + 15. Is v(-10) prime?
False
Suppose -3*x + 2*t + 643 = -2*t, 3*x = 5*t + 644. Suppose 0*v + v = d - x, -d - 5*v = -189. Is d a prime number?
False
Suppose z - x - 533 = 0, -5*x = -3*z + 563 + 1036. Is z prime?
False
Suppose -5*p = 2*f - 2174, -3*f - 5*p = -650 - 2606. Suppose 4*n - f = -278. Is n a prime number?
False
Suppose -3*j = o - 752, -o + 2*o - 782 = 3*j. Is o composite?
True
Suppose -5*u + 93 = 4*l, 4*u = -2*l + 3 + 51. Let c = l + -9. Suppose c*y + 308 = 12*y. Is y a prime number?
False
Suppose 0 = -5*p - c - 18, -3*c - 20 = 5*p + 4. Let i(a) be the first derivative of -a**4/4 - 3*a**2/2 + a - 4. Is i(p) a composite number?
False
Suppose -8 = 4*z, 4*z = a + z - 8. Let y(s) = -7 + 3*s**2 - a*s + 3*s + s. Is y(-6) a composite number?
False
Suppose 0 = -3*y + 5*q - 944, -y - 92 = -q + 226. Is 8/52 - y/13 composite?
True
Suppose -4*n + 4*s = 20, 0 = 3*s - 0 + 3. Let x = n - -15. Let r = x + -3. Is r a composite number?
True
Let p be (-6)/(-4)*32/24. Let j = p - -11. Is j prime?
True
Let u be (0 + 1 - 2)*-29. Let d = u + -10. Is d a composite number?
False
Let f(t) = -t**3 - 8*t**2 - t - 6. Let d be f(-8). Is 5385/(-10)*d/(-3) a prime number?
True
Let s = -478 + 825. Let u = -54 + s. Is u a prime number?
True
Suppose d + 3*d = 20. Suppose -94 = -d*t + q, 2*q - 64 = -2*t - 2*t. Let a = t - 7. Is a composite?
False
Let y = 3 - 2. Let x be (2 - (y + 2)) + 29. Suppose -2*m - x + 152 = 4*r, -93 = -3*r - 4*m. Is r a prime number?
True
Let n = 11 - 7. Suppose -2*g + n*g - 298 = 0. Is g a prime number?
True
Is (-2)/(0 - -2)*(8 + -2365) a composite number?
False
Let d(u) = -u**2 - 6*u - 3. Let r be d(-5). Let h(f) = 6*f - 4 + 5 - 5*f + 5*f**r. Is h(-2) a composite number?
False
Suppose -f + 33 = 2*f. Suppose z + 5 = f. Is z a composite number?
True
Let j be (-1 - 2) + (0 - 0). Let o = j - -7. Suppose w = o*w - 69. Is w prime?
True
Let p(m) = m + 1. Let r be p(0). Suppose 0 = i + 2*w + 8, -4*i - 2*w - 1 = r. Suppose i*z - 27 = -5*u + 130, 0 = -z + 3*u + 62. Is z a composite number?
False
Let o = 9 + -7. Suppose o*j - 125 = 257. Is j prime?
True
Suppose 104 = 5*j - 2*g, -3*j = 4*g - 13 - 65. Suppose -q + j = q. Is q a composite number?
False
Let u = 284 - 401. Let v = 5 + u. Let m = -27 - v. Is m a prime number?
False
Let y(k) = -4*k + 2. Suppose 0 = -2*q + 5*l - 0*l - 25, 3*l - 9 = 0. Let p be y(q). Suppose c = -0*c + p. Is c prime?
False
Let z(s) = 14*s**2 - 7*s - 5. Let q be 2 - (0 + 3 + 3). Is z(q) a prime number?
False
Suppose 3*b = 0, -4*l + 10 = l - 3*b. Suppose -v = -2*v + l. Is v/(4/6)*23 prime?
False
Let p(y) = 6*y**2 + 11*y - 3. Is p(-8) prime?
True
Let s be 1 + (-1 - 1)/1. Let k = s - -4. Suppose k*q - 35 = g, -5*g - 45 = -2*q - 0*q. Is q composite?
True
Suppose -o + 25 = 3*o + l, -5*o = -2*l - 15. Suppose -o*a = -h - 32, 4*a + 5*h + 1 - 15 = 0. Is a a prime number?
False
Let y = 11 - 4. Suppose 3*b - 2 = y. Suppose 3*t + 0*f - 4*f = 121, -b*t + 117 = -3*f. Is t a prime number?
False
Suppose 2*r - 2 = 4. Let m(k) be the third derivative of k**5/60 + k**4/12 + k**2. Is m(r) a composite number?
True
Let t be -34*(1 - (1 + 1)). Let f(h) = h**3 - 2*h**2 + h + 3. Let x be f(3). Suppose x = -w + t. Is w composite?
False
Suppose n - 2*n + 3 = 0. Suppose -n*k = -0*k + 75. Let d = k - -38. Is d prime?
True
Suppose 0 = -3*t + 5 + 10. Suppose -2*c + 4*c = 2*f + 1484, -t*f = 3*c - 2234. Is c composite?
False
Let h be 2/((-4)/14)*-1. Let q = 10 - h. Suppose -3*f - 2*f = q*w - 422, 3*f = 5*w - 760. Is w a prime number?
True
Suppose 61 = y - 18. Is y prime?
True
Let x be (-2)/2*(-12 + 0). Let y be x/9 + (-1)/3. Suppose y = z - 4*v - 13, 4*z + 5*v = 56. Is z a prime number?
False
Let f(s) = s**3 + 10*s**2 + 3*s + 5. Is f(-7) compos